)*(-18)/7.
9
Let i = -15 - -19. What is the remainder when 2871/44 + (-1)/i is divided by 33?
32
Let q(x) = 2*x - 16. Let i be q(5). Let b be 2/(-1 - (-17)/15). Calculate the remainder when 5 is divided by b/i*(-18)/15.
2
Let k(d) = 35*d - 3. Let o(h) = 11*h + 3. Let q(v) = 55*v + 16. Let l(c) = 11*o(c) - 2*q(c). Calculate the remainder when k(2) is divided by l(2).
21
Let t(q) = q**2 + 11*q + 10. Suppose -96 = -2*u - 0*u - 4*j, 0 = 3*j - 15. Calculate the remainder when u is divided by t(-11).
8
Let o be 411/27 - 4/18. Suppose 2*w = 4*s + o + 1, -5*w + 3*s = -75. What is the remainder when w is divided by 5?
3
Let n = 13 - 5. Let x(u) = -u + 11. What is the remainder when 4 is divided by x(n)?
1
Let x(w) = w**2 - 17*w - 80. Calculate the remainder when 14 is divided by x(21).
2
Let g(v) = 2*v**2 + 4*v - 4. Let f(u) = -u**2 + 7*u + 8. Let k(d) = 7*d**3 - d. Let q be k(1). What is the remainder when g(-5) is divided by f(q)?
12
Let j(b) = -11*b**3 + b**2 - 1. What is the remainder when 18 is divided by j(-1)?
7
What is the remainder when 5/(-20) - 362/(-8) is divided by 17?
11
Suppose 4*h - 669 = 5*z, 0 = -5*h - 3*z + 144 + 646. What is the remainder when h is divided by 9?
8
Let n(m) = -20*m. Calculate the remainder when n(-1) is divided by (-7)/((-7)/10) - (-1 + 0).
9
Let x be 8/(-2)*15/(-12). Suppose -x*s + 85 = 3*u, -2*u + 4*u - 74 = s. Calculate the remainder when u is divided by (3 + 9)*(-6)/(-4).
17
Let l(q) be the first derivative of -q**2/2 + 7*q + 3. Let k(x) = -x**3 + x**2 - x + 25. What is the remainder when k(0) is divided by l(-6)?
12
Suppose 4*c - 5*c = -3*t - 17, -2*t - 6 = 2*c. Calculate the remainder when 6 is divided by c.
0
Let q(k) = -21*k - 3. Calculate the remainder when q(-2) is divided by 14.
11
Let n = -16 - -10. Let u = 0 - n. What is the remainder when u is divided by 2?
0
Let g = 14 - 1. Calculate the remainder when (-2)/13 - (-613)/g is divided by 16.
15
Suppose x + 11 = 24. Calculate the remainder when 76 is divided by x.
11
Let d be 574/12 - 5/(-30). Suppose -2*q = q - d. What is the remainder when q is divided by 6?
4
Suppose -3*x + 7 = -35. Calculate the remainder when 55 is divided by x.
13
Let z = 60 - 104. Calculate the remainder when 32 is divided by (1/2)/((-2)/z).
10
Let o(p) = p**2 + p + 1. Let r(s) = -4*s**2 - 3*s - 3. Let l(k) = -8*o(k) - 3*r(k). Calculate the remainder when 11 is divided by l(-1).
3
Let l(o) = -o**3 + 9*o**2 - 3*o - 14. Calculate the remainder when l(8) is divided by 5.
1
Suppose -2*g = 3*g - 10. Suppose 30 = g*l - 2*t, 4*t = -5*l - 0*l + 93. Suppose 3*w = -w + 36. What is the remainder when l is divided by w?
8
Suppose 3*r = 1 + 146. What is the remainder when r is divided by 13?
10
What is the remainder when (8/3)/(((-24)/63)/(-8)) is divided by 31?
25
Let w = -29 + 60. Calculate the remainder when w is divided by 9.
4
What is the remainder when 2*(1 - (-36)/8) is divided by 3?
2
Suppose -36 = -3*v - 5*m + 42, -3*v + 4*m = -51. Suppose 0*r - 3*r = -v. What is the remainder when 13 is divided by r?
6
Suppose f = -4*m + 54, 3*m = 4*f - 3*f - 82. Suppose 3*r + 4*a = f, -a = -3*r + 37 + 28. Suppose 2*x = x + r. Calculate the remainder when x is divided by 12.
10
Suppose 3*m - 6 = x - 28, 2*x - 71 = -3*m. Let i = 153 + -142. What is the remainder when x is divided by i?
9
Let r = 13 - 18. Let p = 9 - r. What is the remainder when 55 is divided by p?
13
Let q(i) = -i**2 + 9*i. Let j be q(8). Let p(l) = -l + 4. Let g be p(j). Let s = 4 - g. What is the remainder when s is divided by 3?
2
Let r = 7 + -3. Let w be (-7 + r)/((-6)/4). Suppose 2*p = 26 - w. What is the remainder when 34 is divided by p?
10
Calculate the remainder when (-110)/30*(1 + -16) is divided by 19.
17
Suppose -78*d + 74*d = -88. What is the remainder when 78 is divided by d?
12
Suppose 3*g = g + 4. Suppose 7 = -3*h - g. Calculate the remainder when 2/h*(-3 - 21) is divided by 9.
7
Let b(x) = 2*x**2 - 4*x + 49. What is the remainder when b(0) is divided by 25?
24
Let x = 96 - 62. Calculate the remainder when 135 is divided by x.
33
Let y = 22 - 16. Calculate the remainder when (-2)/y - (-34)/3 is divided by 7.
4
Let a(v) = -2*v**2 + 12*v + 8. What is the remainder when 38 is divided by a(6)?
6
Let p = -8 + 13. Let c(m) = 8*m**2 + 3*m + 13. Let y(q) = 4*q**2 + q + 6. Let s(x) = p*y(x) - 2*c(x). Calculate the remainder when s(4) is divided by 22.
20
Let n(s) = 3*s**3 + 3*s**2 - 2*s. Suppose 97 = 5*f - 5*i + 37, -3*f - i = -32. Calculate the remainder when n(2) is divided by f.
10
Let h = 61 - 50. What is the remainder when 41 is divided by h?
8
Suppose 5*s + w + w - 100 = 0, -s - 2*w = -28. Let d(n) = -5*n. Calculate the remainder when d(-7) is divided by s.
17
Let l = -50 + 54. What is the remainder when 17 is divided by l?
1
Let m be (-2)/(-5) - 312/30. What is the remainder when 46 is divided by ((-4)/m)/((-9)/(-270))?
10
Let c = -2 + -4. Let v be (-8)/c*-1*6. Let m = v - -13. What is the remainder when 13 is divided by m?
3
Suppose 7*l = 2*l + 15. Suppose 0*d + l*d + q - 20 = 0, 16 = -4*q. Calculate the remainder when 31 is divided by d.
7
Let p(n) = n**2 - 3*n - 6. Let j be -1 - (2 - -5 - -1). What is the remainder when p(-4) is divided by (-2)/j - (-212)/18?
10
Let j = 25 + 0. Suppose -z - 31 = -2*z + a, 0 = -2*z + 5*a + 47. Let t = z - j. Calculate the remainder when 21 is divided by t.
10
Let y(s) be the second derivative of s**4/12 - s**2 + s. Suppose -2*f = -0*f + 8, 3*o - 5*f - 44 = 0. Calculate the remainder when y(-5) is divided by o.
7
Let o be (-3)/(-6)*(0 - -4). Suppose 0 = -0*x - x + 2, -3*p = -o*x + 4. Suppose -3*t - 7 + 34 = p. Calculate the remainder when 17 is divided by t.
8
Suppose -x + 99 = 2*x + 3*m, -5*x + 149 = -3*m. Suppose -16 = -2*j + j - w, 0 = -4*j - 5*w + 69. What is the remainder when x is divided by j?
9
Suppose -2*y + 49 = -y. What is the remainder when y is divided by 17?
15
Let n(b) = -b**3 + 7*b**2 - 3*b - 9. Let r = -34 - -69. Calculate the remainder when r is divided by n(6).
8
Suppose -5*s = -4*q + 13, 0 = 4*q + 4*s - s - 5. What is the remainder when 4 is divided by q?
0
Suppose -9 = -4*w - 1. Suppose -w*m + 39 = m. Calculate the remainder when m is divided by 5.
3
Suppose 45 = 6*k - k. What is the remainder when 16 is divided by k?
7
Let o(n) = n**2 - 5*n - 4. Let u be o(6). Suppose 0 = v + 5*l - u, 4*l + 2 = -2. Calculate the remainder when v is divided by 5.
2
Let x = 25 - 18. Suppose -5*z + 3*t = -z + 18, -5*z - t = 13. What is the remainder when (-42)/(6/z) - 2 is divided by x?
5
Suppose -h + 2*x + 105 = 0, 4*x - 647 = -5*h - 94. Calculate the remainder when h is divided by 11.
10
Suppose -4*i + 14 = 5*u - 36, -4*u + 40 = 2*i. Let p = -5 + u. Calculate the remainder when p is divided by 2.
1
Let o = -8 + 40. Calculate the remainder when 75 is divided by o.
11
Suppose 0*b - 3*b + 18 = 0. Let g = b + 5. What is the remainder when 32 is divided by g?
10
Suppose 2*f - 2*l + 0*l - 24 = 0, 2*l + 31 = 3*f. Calculate the remainder when 23 is divided by f.
2
Let j(o) = o**2 + 4*o - 4. Let s = -6 + -2. Let f = -7 - s. What is the remainder when f is divided by j(-5)?
0
Let u = 0 - -1. Suppose 3*q + x - 4 = -u, 2*x = q + 6. Suppose q = -v - 2*v + 30. What is the remainder when 28 is divided by v?
8
Let p(u) = -u + 6. Let w be p(3). Suppose -a = 2*f - 11, -104 = -4*a - w*f - 45. Suppose 0 = 5*t - 123 - a. What is the remainder when t is divided by 15?
13
Let u(c) = 2*c**2 - 4*c + 2. Suppose -5 = -t, -2*q - 2*t + 7 + 7 = 0. Let r be u(q). Suppose r = -2*p + 4. What is the remainder when p is divided by 1?
0
What is the remainder when 186/8 + 1/(-4) is divided by 12?
11
Let a be ((-8)/(-5))/(4/10). Let c(s) = -s**3 + 5*s**2 - 5*s - 3. Let u be c(a). Let v = u + 10. Calculate the remainder when 5 is divided by v.
2
Suppose 2*p = 5*x + 6*p + 15, 5*x + 15 = -3*p. What is the remainder when 43 - (0 - 3/x) is divided by 9?
6
Let y(s) = s**3 - 7*s**2 - 5*s - 9. Let b be ((-10)/(-15))/(4/(-6)). Calculate the remainder when y(8) is divided by ((-3)/6)/(b/16).
7
Let f(x) = 2*x**3 + 2*x**2 + x. Let i be f(-1). Let v(t) = 23*t**2. Calculate the remainder when (-8)/3*51/(-2) is divided by v(i).
22
Let x = 19 + -14. Suppose 0 = f - x*v, 0 = -0*f - f + v + 12. What is the remainder when f is divided